e 38 = 30*b + 8. Calculate the remainder when -21 + 79 + (-8 - b) is divided by q(0).
4
Let o = -283 - -399. Let r = o - -13. What is the remainder when r is divided by 11?
8
Let l = -2774 + 2797. Calculate the remainder when ((-86)/(-6))/(1/6) is divided by l.
17
Suppose -2*f = 2*y - 34, -4*f = -3*y - 39 - 1. Suppose -4*c + 7 = 3*k - 5*c, 2*k = -c + f. Calculate the remainder when -3*3/(-27)*21 is divided by k.
3
Suppose 1049 + 799 = -8*v. Let j = v - -258. What is the remainder when j is divided by 3?
0
Suppose 320 - 294 = 13*b. Suppose 12 = w - b. Calculate the remainder when 628 is divided by w.
12
Let i(o) = o**3 + 48*o**2 - 11*o - 287. Calculate the remainder when 1420 is divided by i(-48).
215
Let k(g) = -g**3 + 24*g**2 + 14*g + 37. Calculate the remainder when k(22) is divided by 73.
72
Suppose 2*u + 3*t - 209 = 17, 3*u + 5*t - 339 = 0. Calculate the remainder when 1016 is divided by u.
112
What is the remainder when -3 - (-1519)/14 - (-6)/4 is divided by -24*((-9)/(-4) + (-6)/2)?
17
Let h = -1556 - -1784. Suppose 4*a + v = 88, 2*a - v = 5*a - 67. Calculate the remainder when h is divided by a.
18
Let d = 148 + -141. Suppose -d*r + 29 = -69. What is the remainder when 25 is divided by r?
11
Suppose -4*b - b - 1133 = -2*d, d - 573 = -4*b. Calculate the remainder when d is divided by 107.
34
Let v(b) = 2*b**2 + 12*b + 34. Let w be (-981)/218 - (1 - 2/(-4)). What is the remainder when 111 is divided by v(w)?
9
Let s = 166 - 132. Let m = 5 + -1. Suppose -z + 3*t = -7, 6*z - 2*z - m*t = 44. What is the remainder when s is divided by z?
8
What is the remainder when 879 is divided by 2*5/4 + 17700/472?
39
Let f be -3*(9/(-6))/(9/102). Suppose 3*z - 8 = 2*s, 4*z = s + 2*s + 11. Suppose -z*r + f = 5. What is the remainder when 45 is divided by r?
22
Suppose -88*l = -1756 - 173 - 359. Calculate the remainder when (-1082)/(-6) - (-5)/(-15) is divided by l.
24
Suppose 2*x - 3*n = -795, -6*x + 2*x - 5*n - 1645 = 0. Let s = x - -574. Calculate the remainder when s is divided by 19.
17
Let q = -8 + 16. Let u(p) = 180*p - 335. What is the remainder when (1 - -128)*q/6 is divided by u(2)?
22
Let a(y) = -1 + 13*y**3 + 5 - 11 - 4*y + y**3 + 4*y**2. Let d be a(3). Suppose 10*t = -125 + d. What is the remainder when t is divided by 7?
6
Suppose x - 535 + 117 = -5*a, -3*x + 424 = 5*a. Suppose 1254*i = 1259*i - 150. What is the remainder when a is divided by i?
23
Suppose 9*m - 298 = 251. Suppose -6*n + 107 = -m. What is the remainder when 31 is divided by 104/14 - 12/n?
3
Suppose 3*t + c - 161 = 0, 2*t + 272 = 7*t - 2*c. What is the remainder when t is divided by 1*-30*(78/12 + -7)?
9
Suppose -160 = -3*n - 97. Let s be (-21)/(-4) + n/(-84). Suppose s*w - 42 = 28. Calculate the remainder when 264 is divided by w.
12
Calculate the remainder when 166 is divided by 60*(-144)/(-64) - 4.
35
Suppose 2*d + 8316 = 13*d + 7*d. What is the remainder when d is divided by 11?
0
Let z = 3029 - 2906. Calculate the remainder when z is divided by 28.
11
Calculate the remainder when 565 is divided by 2085/(-139)*165/(-9).
15
Let z(o) = 153*o**2 + 4*o - 2. Suppose c - 5*a - 23 = 0, -a - 120 = -5*c - 5. Calculate the remainder when z(1) is divided by c.
17
Let i = -41 + 137. Suppose -i*l + 90*l = -24. Suppose -r = -0*r - 13. Calculate the remainder when r is divided by l.
1
Let z(q) = 1156*q + 184. What is the remainder when 759 is divided by z(0)?
23
Calculate the remainder when 2/((-16)/(-442)) - 57*(-6)/(-1368) is divided by 34.
21
Let x(r) be the second derivative of -53*r**3/6 - 37*r**2/2 - 17*r. Calculate the remainder when x(-5) is divided by 10.
8
Let y = -20 - -33. Suppose 3*n + 478 = 19. Let k = n - -160. Calculate the remainder when y is divided by k.
6
Let d(a) = a**2 - 18*a + 51. Let o be d(16). Let i(s) = s**2 - 10*s - 61. What is the remainder when i(o) is divided by 14?
12
Let q = 2095 + -2085. Calculate the remainder when 456 is divided by q.
6
Suppose 2 = -2*p, -p - 883 = 4*b + 2*p. Let q = -205 - b. What is the remainder when 87 is divided by q?
12
Let k(i) = i**2 + 20*i - 7. Let w(g) = -4*g**2 - 6*g - 3. Let f be w(-3). What is the remainder when 69 is divided by k(f)?
13
Suppose -10*r + 5*r + 1715 = -5*k, 0 = 2*r + 4*k - 668. Calculate the remainder when r is divided by 45.
25
Suppose 224*u - 46900 = -111*u. Calculate the remainder when u is divided by 82.
58
Suppose -p - 2*t = 2495, 3*p - 2*t + 3*t = -7495. Let z(b) = 6*b**2 + b - 8. What is the remainder when 1/(-2) + p/(-14) is divided by z(2)?
16
Suppose 0 = -3*a - 21*c + 26*c + 2019, 0 = 4*c. What is the remainder when a is divided by 149?
77
Suppose -3*x - 3*p = -225, 121*x + 2*p + 200 = 124*x. Calculate the remainder when 488 is divided by x.
68
Let s(l) = -l**2 + 19*l + 117. Calculate the remainder when 240 is divided by s(23).
15
Suppose -10*a + 725 = 5*m, -39*a + 3 = -36*a. Calculate the remainder when 549 is divided by m.
120
Suppose 3099 + 714 = 93*r. Calculate the remainder when r is divided by 39.
2
Let a(w) = -10*w - 21. Let s be a(-3). Suppose -s*t + 1047 = -1275. Suppose 11*q = 17*q - t. What is the remainder when q is divided by 12?
7
Suppose 2*j - 39937 = -14679. Suppose -3*v - j = -6*v + h, -2*h - 12631 = -3*v. What is the remainder when 1/4 - v/(-92) is divided by 16?
14
Let a(y) = 30*y - 488. What is the remainder when a(22) is divided by 12?
4
Let z = 5471 + -5432. Calculate the remainder when 157 is divided by z.
1
Suppose 2*w + 923 = 15*w. What is the remainder when 1774 is divided by w?
70
Suppose 4*p = 911 - 1219. What is the remainder when 60 + (p/(-7) - 5) is divided by 27?
12
Suppose -2*d - 5*t + 5 = 0, t + 11 - 10 = 0. Let k be (1/(-2))/(1/(-96)). Suppose 77 + k = d*p. What is the remainder when 41 is divided by p?
16
Suppose 5*h + 488 - 1778 = 0. Calculate the remainder when h is divided by (727 + -732)*((-104)/10 + 0).
50
Let y(h) = -19*h - 18 - 4 - 2*h**2 + 3*h**2 + 6*h. Let c be y(14). Calculate the remainder when 4/c - 30/(-4) is divided by 4.
3
Suppose 45*n = 39*n + 169 + 83. What is the remainder when n is divided by 30?
12
What is the remainder when 3877 is divided by ((870/(-20))/(-29))/((-3)/(-134))?
58
Suppose 4*s - p - 351 = -2*p, -p = 5*s - 438. Let k = 716 - 446. Suppose 18*c = 27*c - k. Calculate the remainder when s is divided by c.
27
Suppose w - 38 = 5*h - 13, -2*w + 3*h = -57. What is the remainder when (3/(-6))/((-2)/596) is divided by w?
29
Let g = 71 - 68. Suppose 4*h - 26 = 3*z, h - 4*h - g = 0. Let y(k) = k**2 + 7*k - 11. What is the remainder when y(z) is divided by 7?
5
Let u be (-12)/32 + (1 - 1329/(-24)). Suppose -u = -5*o + 4*r, -4*o = o + 2*r - 62. Calculate the remainder when 17 is divided by o.
5
Let b = 89 + 545. Suppose 5*d = -3*w - b, d = 2*w - 0*w - 119. Let s = 151 + d. What is the remainder when s is divided by 9?
8
What is the remainder when ((-8373)/(-6))/(38/76) is divided by 7?
5
Let t(g) = -3*g**2 + 396*g - 5512. Let q = 576 - 186. What is the remainder when q is divided by t(16)?
54
Suppose -4563 = -49*z + 10*z. Suppose -4*m + 0*m = 0. Suppose 2*h - 52 = -3*c - 0*c, -5*h + 3*c + 88 = m. What is the remainder when z is divided by h?
17
Suppose -4*f - 229*d + 190 = -228*d, 0 = -f - 5*d + 38. Calculate the remainder when 1823 is divided by f.
47
Let b = 121 + -133. Let x(i) be the first derivative of i**4/4 + 4*i**3 - 3*i**2/2 - 1. Calculate the remainder when x(b) is divided by 14.
8
Let u = 2248 + -1959. Calculate the remainder when u is divided by 75.
64
Let h be (26 + -27)*(-38 + 0)/2. Suppose 750 = h*y - 3183. What is the remainder when y is divided by 16?
15
Suppose 0 = -d + 105 - 69. Let h = 48 - d. What is the remainder when 116 is divided by h?
8
Suppose -160 + 168 = 4*p. Suppose 3*b = 5*d - 301, -5*d - p*b + 3*b + 307 = 0. What is the remainder when d is divided by 13?
10
Suppose -j + 199 = -2*w, 1778 = 9*j - 2*w - 3*w. Calculate the remainder when j is divided by 7.
1
Let i(y) = -23*y**3 - 417*y**2 - 56*y - 25. What is the remainder when -1*206*3/(-6) is divided by i(-18)?
4
Let y = -241 + 244. Suppose -y*m = 4*p - 57, -3*m + 0*p + 3*p + 36 = 0. Let d = 188 + -115. What is the remainder when d is divided by m?
13
Suppose -1735 = -6*q + v, -2*q - 12*v + 17*v + 583 = 0. Calculate the remainder when q is divided by 182.
10